 is divided by 433.
34
Calculate the remainder when 1877 is divided by 609.
50
Calculate the remainder when 25630 is divided by 8510.
100
Calculate the remainder when 9807 is divided by 8597.
1210
What is the remainder when 866 is divided by 184?
130
Calculate the remainder when 69722 is divided by 61.
60
Calculate the remainder when 1470986 is divided by 21.
20
What is the remainder when 17773 is divided by 228?
217
Calculate the remainder when 3509105 is divided by 7.
5
Calculate the remainder when 509557 is divided by 119.
118
Calculate the remainder when 15117 is divided by 168.
165
Calculate the remainder when 9854 is divided by 93.
89
Calculate the remainder when 54601 is divided by 11.
8
Calculate the remainder when 1298 is divided by 148.
114
Calculate the remainder when 376 is divided by 96.
88
What is the remainder when 484 is divided by 102?
76
Calculate the remainder when 2074 is divided by 683.
25
What is the remainder when 1214349 is divided by 9?
6
Calculate the remainder when 2998 is divided by 1072.
854
What is the remainder when 5607 is divided by 1394?
31
Calculate the remainder when 1816034 is divided by 335.
334
Calculate the remainder when 25752 is divided by 22.
12
Calculate the remainder when 2721 is divided by 70.
61
Calculate the remainder when 32495 is divided by 6485.
70
Calculate the remainder when 2002 is divided by 78.
52
Calculate the remainder when 86351 is divided by 9.
5
Calculate the remainder when 130287 is divided by 513.
498
Calculate the remainder when 896947 is divided by 298981.
4
Calculate the remainder when 200799 is divided by 530.
459
What is the remainder when 783969 is divided by 1071?
1068
Calculate the remainder when 44824 is divided by 14941.
1
Calculate the remainder when 221225 is divided by 46.
11
What is the remainder when 523309 is divided by 130822?
21
What is the remainder when 36825 is divided by 4603?
1
What is the remainder when 162852 is divided by 85?
77
What is the remainder when 65026 is divided by 60?
46
What is the remainder when 7013 is divided by 3502?
9
Calculate the remainder when 2135 is divided by 1060.
15
What is the remainder when 975 is divided by 347?
281
What is the remainder when 37223 is divided by 16?
7
Calculate the remainder when 67510 is divided by 16874.
14
Calculate the remainder when 396818 is divided by 462.
422
Calculate the remainder when 250117 is divided by 338.
335
Calculate the remainder when 6103 is divided by 340.
323
What is the remainder when 1597 is divided by 459?
220
Calculate the remainder when 482847 is divided by 160947.
6
Calculate the remainder when 23941 is divided by 488.
29
Calculate the remainder when 2739 is divided by 691.
666
What is the remainder when 33228 is divided by 101?
100
What is the remainder when 8625 is divided by 2868?
21
Calculate the remainder when 11010 is divided by 2748.
18
What is the remainder when 4460 is divided by 1478?
26
What is the remainder when 830583 is divided by 75507?
6
What is the remainder when 2783 is divided by 203?
144
What is the remainder when 86144 is divided by 1052?
932
Calculate the remainder when 1463053 is divided by 28.
25
Calculate the remainder when 3904 is divided by 1098.
610
Calculate the remainder when 11906 is divided by 14.
6
Calculate the remainder when 1864 is divided by 102.
28
What is the remainder when 161554 is divided by 161549?
5
What is the remainder when 162516 is divided by 81215?
86
What is the remainder when 182153 is divided by 22?
15
Calculate the remainder when 1666 is divided by 1098.
568
Calculate the remainder when 85809 is divided by 325.
9
What is the remainder when 952771 is divided by 476383?
5
What is the remainder when 4005 is divided by 23?
3
What is the remainder when 3283 is divided by 4?
3
Calculate the remainder when 1317 is divided by 844.
473
What is the remainder when 16174 is divided by 97?
72
Calculate the remainder when 7554 is divided by 245.
204
Calculate the remainder when 85188 is divided by 1420.
1408
Calculate the remainder when 77271 is divided by 104.
103
Calculate the remainder when 158579 is divided by 785.
9
What is the remainder when 281167 is divided by 46861?
1
Calculate the remainder when 2911740 is divided by 1408.
1404
Calculate the remainder when 1425 is divided by 96.
81
Calculate the remainder when 120033 is divided by 852.
753
What is the remainder when 74164 is divided by 6179?
16
What is the remainder when 10444 is divided by 10328?
116
Calculate the remainder when 27769 is divided by 47.
39
Calculate the remainder when 115223 is divided by 860.
843
Calculate the remainder when 10597 is divided by 272.
261
Calculate the remainder when 4763 is divided by 2377.
9
What is the remainder when 8292 is divided by 15?
12
What is the remainder when 69698 is divided by 4646?
8
Calculate the remainder when 406 is divided by 3.
1
Calculate the remainder when 794600 is divided by 93.
8
Calculate the remainder when 120831 is divided by 232.
191
What is the remainder when 1107044 is divided by 579?
575
What is the remainder when 1015178 is divided by 2603?
8
What is the remainder when 13664 is divided by 92?
48
Calculate the remainder when 7664 is divided by 12.
8
Calculate the remainder when 57164 is divided by 24.
20
What is the remainder when 2207 is divided by 469?
331
What is the remainder when 1163015 is divided by 174?
173
What is the remainder when 12710 is divided by 2110?
50
What is the remainder when 271362 is divided by 12?
6
Calculate the remainder when 117538 is divided by 45.
43
Calculate the remainder when 88125 is divided by 111.
102
What is the remainder when 196235 is divided by 214?
211
Calculate the remainder when 62189 is divided by 18.
17
What is the remainder when 3550 is divided by 374?
184
What is the remainder when 339718 is divided by 76?
74
Calculate the remainder when 20122 is divided by 874.
20
Calculate the remainder when 22015 is divided by 303.
199
Calculate the remainder when 2496259 is divided by 446.
443
What is the remainder when 13601 is divided by 4112?
1265
Calculate the remainder when 59471 is divided by 144.
143
Calculate the remainder when 228957 is divided by 240.
237
What is the remainder when 88315 is divided by 100?
15
Calculate the remainder when 6280 is divided by 48.
40
What is the remainder when 117691 is divided by 220?
211
What is the remainder when 28477 is divided by 466?
51
Calculate the remainder when 2048 is divided by 79.
73
Calculate the remainder when 2400 is divided by 185.
180
What is the remainder when 8262 is divided by 190?
92
Calculate the remainder when 26693 is divided by 19.
17
Calculate the remainder when 2140 is divided by 49.
33
Calculate the remainder when 21000 is divided by 208.
200
What is the remainder when 1297 is divided by 1?
0
What is the remainder when 1947 is divided by 479?
31
Calculate the remainder when 6439 is divided by 124.
115
What is the remainder when 23469 is divided by 75?
69
Calculate the remainder when 30855 is divided by 1714.
3
What is the remainder when 11136 is divided by 131?
1
Calculate the remainder when 58 is divided by 30.
28
What is the remainder when 429 is divided by 182?
65
What is the remainder when 21738 is divided by 507?
444
What is the remainder when 1146 is divided by 361?
63
What is the remainder when 194430 is divided by 248?
246
Calculate the remainder when 4270 is divided by 307.
279
Calculate the remainder when 250681 is divided by 49.
46
What is the remainder when 5541 is divided by 27?
6
Calculate the remainder when 1464 is divided by 163.
160
What is the remainder when 17870 is divided by 173?
51
Calculate the remainder when 723562 is divided by 89.
81
What is the remainder when 75081 is divided by 105?
6
What is the remainder when 33686 is divided by 49?
23
Calculate the remainder when 21579 is divided by 22.
19
What is the remainder when 24787 is divided by 1915?
1807
Calculate the remainder when 52456 is divided by 22.
8
What is the remainder when 11018 is divided by 190?
188
What is the remainder when 4657 is divided by 1148?
65
Calculate the remainder when 5038 is divided by 371.
215
Calculate the remainder when 48785 is divided by 5.
0
Calculate the remainder when 133456 is divided by 133393.
63
What is